{"id":88,"date":"2018-11-03T20:23:02","date_gmt":"2018-11-03T18:23:02","guid":{"rendered":"https:\/\/lewinteridges.se\/?page_id=88"},"modified":"2025-02-10T12:21:50","modified_gmt":"2025-02-10T10:21:50","slug":"lewinteridges-statistik","status":"publish","type":"page","link":"https:\/\/lewinteridges.se\/?page_id=88","title":{"rendered":"Statistik"},"content":{"rendered":"<p>P\u00e5 denna sidan kommer det redovisas statistik \u00f6ver kullarna med tanke p\u00e5 resultat vid r\u00f6ntgen (AD\/HD), genetiska tester (om dessa g\u00f6rs), eventuella sjukdomar samt t\u00e4vlingsresultat per hund.<\/p>\n<table style=\"height: 823px;\" width=\"829\">\n<tbody>\n<tr>\n<td width=\"120\">Namn<\/td>\n<td width=\"40\">H\/T<\/td>\n<td width=\"76\">AD\/HD<\/td>\n<td width=\"161\">Genetiska tester mm<\/td>\n<td width=\"204\">\u00d6vrigt sjukdom, t\u00e4vlingsresultat mm<\/td>\n<\/tr>\n<tr>\n<td width=\"120\"><strong>Otto-kullen 2022<\/strong> (IM Otto JV of Ersted x Oppig\u00e5rdens F\u00f6rg\u00e4tmigej)<\/td>\n<td width=\"40\"><\/td>\n<td width=\"76\"><\/td>\n<td width=\"161\"><\/td>\n<td width=\"204\"><\/td>\n<\/tr>\n<tr>\n<td width=\"120\">Lewinteridge\u2019s Merekara of Otto (Saphira)<\/td>\n<td width=\"40\">T<\/td>\n<td width=\"76\">0\/0, A\/A<\/td>\n<td width=\"161\">se hennes egen sida<\/td>\n<td width=\"204\">BPH genomf\u00f6rt, skott ok<\/p>\n<p>SeVch<\/td>\n<\/tr>\n<tr>\n<td width=\"120\">Lewinteridge\u2019s Mirak of Otto (Nora)<\/td>\n<td width=\"40\">T<\/td>\n<td width=\"76\">0\/0, A\/A<\/td>\n<td width=\"161\"><\/td>\n<td width=\"204\">BPH genomf\u00f6rt, skott ok<\/td>\n<\/tr>\n<tr>\n<td width=\"120\">Lewinteridge\u2019s Miracolo of Otto (Pavarotti)<\/td>\n<td width=\"40\">H<\/td>\n<td width=\"76\">0\/0, A\/A<\/td>\n<td width=\"161\">se hans egen sida<\/td>\n<td width=\"204\">BPH genomf\u00f6rt, skott ok<\/p>\n<p>SeVch<\/td>\n<\/tr>\n<tr>\n<td width=\"120\">Lewinteridge\u2019s Mirakel of Otto (Avalon)<\/td>\n<td width=\"40\">H<\/td>\n<td width=\"76\"><\/td>\n<td width=\"161\"><\/td>\n<td width=\"204\">BPH genomf\u00f6rt, skott ok<\/td>\n<\/tr>\n<tr>\n<td width=\"120\">Lewinteridge\u2019s Milagre of Otto (Olle)<\/td>\n<td width=\"40\">H<\/td>\n<td width=\"76\">0\/0, A\/A<\/td>\n<td width=\"161\"><\/td>\n<td width=\"204\">BPH genomf\u00f6rt, skott ok<\/td>\n<\/tr>\n<tr>\n<td width=\"120\">Lewinteridge\u2019s Milagro of Otto (Athos)<\/td>\n<td width=\"40\">H<\/td>\n<td width=\"76\"><\/td>\n<td width=\"161\"><\/td>\n<td width=\"204\">Avliden november 2022<\/td>\n<\/tr>\n<tr>\n<td width=\"120\">Lewinteridge\u2019s Miracle of Otto (Zacke)<\/td>\n<td width=\"40\">H<\/td>\n<td width=\"76\">0\/0, B\/B<\/td>\n<td width=\"161\"><\/td>\n<td width=\"204\"><\/td>\n<\/tr>\n<\/tbody>\n<\/table>\n","protected":false},"excerpt":{"rendered":"<p>P\u00e5 denna sidan kommer det redovisas statistik \u00f6ver kullarna med tanke p\u00e5 resultat vid r\u00f6ntgen (AD\/HD), genetiska tester (om dessa g\u00f6rs), eventuella sjukdomar samt t\u00e4vlingsresultat per hund. Namn H\/T AD\/HD Genetiska tester mm \u00d6vrigt sjukdom, t\u00e4vlingsresultat mm Otto-kullen 2022 (IM Otto JV of Ersted x Oppig\u00e5rdens F\u00f6rg\u00e4tmigej) Lewinteridge\u2019s Merekara of Otto (Saphira) T 0\/0, A\/A&hellip;<\/p>\n","protected":false},"author":1,"featured_media":0,"parent":24,"menu_order":2,"comment_status":"closed","ping_status":"closed","template":"","meta":{"footnotes":""},"class_list":["post-88","page","type-page","status-publish","hentry"],"_links":{"self":[{"href":"https:\/\/lewinteridges.se\/index.php?rest_route=\/wp\/v2\/pages\/88","targetHints":{"allow":["GET"]}}],"collection":[{"href":"https:\/\/lewinteridges.se\/index.php?rest_route=\/wp\/v2\/pages"}],"about":[{"href":"https:\/\/lewinteridges.se\/index.php?rest_route=\/wp\/v2\/types\/page"}],"author":[{"embeddable":true,"href":"https:\/\/lewinteridges.se\/index.php?rest_route=\/wp\/v2\/users\/1"}],"replies":[{"embeddable":true,"href":"https:\/\/lewinteridges.se\/index.php?rest_route=%2Fwp%2Fv2%2Fcomments&post=88"}],"version-history":[{"count":10,"href":"https:\/\/lewinteridges.se\/index.php?rest_route=\/wp\/v2\/pages\/88\/revisions"}],"predecessor-version":[{"id":1092,"href":"https:\/\/lewinteridges.se\/index.php?rest_route=\/wp\/v2\/pages\/88\/revisions\/1092"}],"up":[{"embeddable":true,"href":"https:\/\/lewinteridges.se\/index.php?rest_route=\/wp\/v2\/pages\/24"}],"wp:attachment":[{"href":"https:\/\/lewinteridges.se\/index.php?rest_route=%2Fwp%2Fv2%2Fmedia&parent=88"}],"curies":[{"name":"wp","href":"https:\/\/api.w.org\/{rel}","templated":true}]}}