{"id":2,"date":"2018-08-22T16:54:07","date_gmt":"2018-08-22T14:54:07","guid":{"rendered":"https:\/\/lewinteridges.se\/?page_id=2"},"modified":"2024-03-10T17:37:50","modified_gmt":"2024-03-10T15:37:50","slug":"om-oss","status":"publish","type":"page","link":"https:\/\/lewinteridges.se\/?page_id=2","title":{"rendered":"Om Mig"},"content":{"rendered":"<p>Jag har levt med rhodesian ridgeback sedan 2006 och startade kennel 2018.<\/p>\n<p>Uppvuxen i Stockholm men funnit min oas sedan 2014 mitt ute i skogen norr om G\u00e4vle. En av mina b\u00e4sta kamrater i skolan hade en rhodesian ridgeback, Simba, som de importerat fr\u00e5n Sydafrika. F\u00f6rsta g\u00e5ngen jag tr\u00e4ffade Simba sa det klick. Jag \u00e4r uppvuxen med sch\u00e4fer och dv\u00e4rgpudel. Min f\u00f6rsta rhodesian ridgeback k\u00f6pte jag fr\u00e5n Hayawani \u00e5r 2006. S\u00e5 den som v\u00e4ntar p\u00e5 n\u00e5got gott&#8230;<\/p>\n<p>Jag delar idag mitt liv med tre rhodesian ridgebacks Elsa, Saphira och Pavarotti.<\/p>\n<p>Viltsp\u00e5r, utst\u00e4llning, nosework, balanstr\u00e4ning, vandringar \u00e4r n\u00e5gra av de aktiviteter jag g\u00f6r tillsammans med mina hundar n\u00e4r vi inte delar soffan framf\u00f6r brasan eller gr\u00e4ver i tr\u00e4dg\u00e5rden.<\/p>\n<p>Jag har varit aktiv i SRRS Norras styrelse och SRRS Centralstyrelse samt \u00e4r utbildad som figurant inom MH. Har \u00e4ven varit ordf\u00f6rande ett antal \u00e5r i Valbos Brukshundklubb.<\/p>\n<p>Jag \u00e4r sj\u00e4lvklart medlem i SKK (Svenska Kennelklubben, <a href=\"http:\/\/www.skk.se\"><span style=\"color: #0000ff;\">www.skk.se<\/span><\/a>) och SRRS (Specialklubben Rhodesian Ridgeback Sverige, <a href=\"http:\/\/www.srrs.org\"><span style=\"color: #0000ff;\">srrs.org<\/span><\/a>) samt Agrias Breeders Club.<\/p>\n<p><strong>Vad \u00e4r d\u00e5 min vision f\u00f6r min kennel?<\/strong><\/p>\n<p>En sm\u00e5skalig kennel som l\u00e4gger stor vikt p\u00e5 mentalitet, genetik och h\u00e5llbarhet f\u00f6r att f\u00f6rs\u00f6ka f\u00f6da upp friska och sunda hundar.<\/p>\n<p>Funktion, Exteri\u00f6r, H\u00e4lsa och Mentalitet \u00e4r hundavelns grundpelare samt &#8221;vad \u00e4r b\u00e4st f\u00f6r rasen&#8221;.<\/p>\n<p>Valparna v\u00e4xer upp i en lugn och trygg hemmamilj\u00f6 d\u00e4r de f\u00f6rbereds inf\u00f6r framtida liv och utmaningar i samh\u00e4llet. Detta inneb\u00e4r att valparna bor i mitt hem och ing\u00e5r i v\u00e5rt dagliga liv fr\u00e5n dag ett.<\/p>\n<p>Tiken f\u00e5r en lugn och avskild plats d\u00e4r hon boar in sig inf\u00f6r valpningen och tillbringar sina f\u00f6rsta tv\u00e5 veckor d\u00e4r hon i lugn och ro kan pyssla om de sm\u00e5 med mig som finns till hands. N\u00e4r det \u00e4r dags flyttar valparna ut i vardagsrummet d\u00e4r de har en egen utg\u00e5ng till gr\u00e4smattan och tr\u00e4dg\u00e5rden.<\/p>\n<p>Jag lever efter devisen att den som har haft ett inneh\u00e5llsrikt liv har ocks\u00e5 haft bra livskvalitet.<\/p>\n<p><em><strong>Har du\/ni fr\u00e5gor s\u00e5 kontakta mig g\u00e4rna; hele64@yahoo.se, 0708-535643<\/strong><\/em><\/p>\n<p>&nbsp;<\/p>\n<h3 style=\"text-align: center;\"><strong>Purpose &#8211; Passion &#8211; Preservation &#8211; Pride<\/strong><\/h3>\n<p>&nbsp;<\/p>\n<p>&nbsp;<\/p>\n<div id=\"attachment_124\" style=\"width: 160px\" class=\"wp-caption alignleft\"><img loading=\"lazy\" decoding=\"async\" aria-describedby=\"caption-attachment-124\" class=\"wp-image-124 size-thumbnail\" src=\"https:\/\/lewinteridges.se\/wp-content\/uploads\/2018\/11\/image1-150x150.jpeg\" alt=\"\" width=\"150\" height=\"150\" srcset=\"https:\/\/lewinteridges.se\/wp-content\/uploads\/2018\/11\/image1-150x150.jpeg 150w, https:\/\/lewinteridges.se\/wp-content\/uploads\/2018\/11\/image1-50x50.jpeg 50w\" sizes=\"auto, (max-width: 150px) 100vw, 150px\" \/><p id=\"caption-attachment-124\" class=\"wp-caption-text\">H\u00e9l\u00e8ne &amp; Chanel<\/p><\/div>\n<p><img loading=\"lazy\" decoding=\"async\" class=\"wp-image-121 size-thumbnail alignnone\" src=\"https:\/\/lewinteridges.se\/wp-content\/uploads\/2018\/11\/helene-e1541492242806-150x150.jpg\" alt=\"\" width=\"150\" height=\"150\" srcset=\"https:\/\/lewinteridges.se\/wp-content\/uploads\/2018\/11\/helene-e1541492242806-150x150.jpg 150w, https:\/\/lewinteridges.se\/wp-content\/uploads\/2018\/11\/helene-e1541492242806-50x50.jpg 50w\" sizes=\"auto, (max-width: 150px) 100vw, 150px\" \/><\/p>\n<p>&nbsp;<\/p>\n<p>&nbsp;<\/p>\n<p>&nbsp;<\/p>\n<p>&nbsp;<\/p>\n<p>&nbsp;<\/p>\n<div style=\"width: 188px\" class=\"wp-caption alignnone\"><img loading=\"lazy\" decoding=\"async\" src=\"https:\/\/fodax.se\/app\/themes\/fodax\/assets\/img\/Fodax-logotyp.svg\" alt=\"Fodax Foder - Logotyp orginal\" width=\"178\" height=\"47\" \/><p class=\"wp-caption-text\">Jag rekommenderar <span style=\"color: #000080;\"><strong><a style=\"color: #000080;\" href=\"https:\/\/fodax.se\/\">Fodax<\/a><\/strong><\/span><\/p><\/div>\n<p>&nbsp;<\/p>\n<div id=\"attachment_1021\" style=\"width: 160px\" class=\"wp-caption alignnone\"><img loading=\"lazy\" decoding=\"async\" aria-describedby=\"caption-attachment-1021\" class=\"wp-image-1021 size-thumbnail\" src=\"https:\/\/lewinteridges.se\/wp-content\/uploads\/2023\/06\/Logo_Racing-Green-Background-150x150.jpg\" alt=\"\" width=\"150\" height=\"150\" srcset=\"https:\/\/lewinteridges.se\/wp-content\/uploads\/2023\/06\/Logo_Racing-Green-Background-150x150.jpg 150w, https:\/\/lewinteridges.se\/wp-content\/uploads\/2023\/06\/Logo_Racing-Green-Background-300x300.jpg 300w, https:\/\/lewinteridges.se\/wp-content\/uploads\/2023\/06\/Logo_Racing-Green-Background-1024x1024.jpg 1024w, https:\/\/lewinteridges.se\/wp-content\/uploads\/2023\/06\/Logo_Racing-Green-Background-768x768.jpg 768w, https:\/\/lewinteridges.se\/wp-content\/uploads\/2023\/06\/Logo_Racing-Green-Background-1536x1536.jpg 1536w, https:\/\/lewinteridges.se\/wp-content\/uploads\/2023\/06\/Logo_Racing-Green-Background.jpg 2000w\" sizes=\"auto, (max-width: 150px) 100vw, 150px\" \/><p id=\"caption-attachment-1021\" class=\"wp-caption-text\">Jag rekommenderar <span style=\"color: #000080;\"><strong><a style=\"color: #000080;\" href=\"https:\/\/www.essentialfoods.se\/\">Essential Foods<\/a><\/strong><\/span><\/p><\/div>\n<p>&nbsp;<\/p>\n<div id=\"attachment_509\" style=\"width: 155px\" class=\"wp-caption alignleft\"><img loading=\"lazy\" decoding=\"async\" aria-describedby=\"caption-attachment-509\" class=\"wp-image-509 \" src=\"https:\/\/lewinteridges.se\/wp-content\/uploads\/2020\/09\/Sund_Hundmat_Logo_180x-150x143.png\" alt=\"Sund Hundnat\" width=\"145\" height=\"138\" \/><p id=\"caption-attachment-509\" class=\"wp-caption-text\">Jag rekommenderar <span style=\"color: #000080;\"><strong><a style=\"color: #000080;\" href=\"https:\/\/sundhundmat.se\/\">Sund Hundmat<\/a><\/strong><\/span><\/p><\/div>\n<h6><\/h6>\n<h6><\/h6>\n<p>&nbsp;<\/p>\n<p>&nbsp;<\/p>\n<p>&nbsp;<\/p>\n<p>&nbsp;<\/p>\n<div style=\"width: 160px\" class=\"wp-caption alignnone\"><img loading=\"lazy\" decoding=\"async\" class=\"wp-image-763 size-thumbnail\" src=\"https:\/\/lewinteridges.se\/wp-content\/uploads\/2022\/07\/hemsida-solros-150x89.png\" alt=\"\" width=\"150\" height=\"89\" \/><p class=\"wp-caption-text\">Jag rekommenderar <span style=\"color: #000080;\"><strong><a style=\"color: #000080;\" href=\"http:\/\/naturbalans.se\">Naturbalans<\/a><\/strong><\/span><\/p><\/div>\n<p>&nbsp;<\/p>\n<div style=\"width: 282px\" class=\"wp-caption alignnone\"><img loading=\"lazy\" decoding=\"async\" class=\"\" src=\"https:\/\/www.hundiabutiken.se\/wp-content\/uploads\/2020\/11\/logga-butik.jpg\" alt=\"Hundiag\u00e5rden \u2013 Hundiabutiken BARF\" width=\"272\" height=\"99\" \/><p class=\"wp-caption-text\">Jag rekommenderar <span style=\"color: #000080;\"><strong><a style=\"color: #000080;\" href=\"https:\/\/www.hundiabutiken.se\/\">Hundiabutiken<\/a><\/strong><\/span><\/p><\/div>\n<h6><\/h6>\n","protected":false},"excerpt":{"rendered":"<p>Jag har levt med rhodesian ridgeback sedan 2006 och startade kennel 2018. Uppvuxen i Stockholm men funnit min oas sedan 2014 mitt ute i skogen norr om G\u00e4vle. En av mina b\u00e4sta kamrater i skolan hade en rhodesian ridgeback, Simba, som de importerat fr\u00e5n Sydafrika. F\u00f6rsta g\u00e5ngen jag tr\u00e4ffade Simba sa det klick. Jag \u00e4r&hellip;<\/p>\n","protected":false},"author":1,"featured_media":0,"parent":0,"menu_order":0,"comment_status":"closed","ping_status":"closed","template":"","meta":{"footnotes":""},"class_list":["post-2","page","type-page","status-publish","hentry"],"_links":{"self":[{"href":"https:\/\/lewinteridges.se\/index.php?rest_route=\/wp\/v2\/pages\/2","targetHints":{"allow":["GET"]}}],"collection":[{"href":"https:\/\/lewinteridges.se\/index.php?rest_route=\/wp\/v2\/pages"}],"about":[{"href":"https:\/\/lewinteridges.se\/index.php?rest_route=\/wp\/v2\/types\/page"}],"author":[{"embeddable":true,"href":"https:\/\/lewinteridges.se\/index.php?rest_route=\/wp\/v2\/users\/1"}],"replies":[{"embeddable":true,"href":"https:\/\/lewinteridges.se\/index.php?rest_route=%2Fwp%2Fv2%2Fcomments&post=2"}],"version-history":[{"count":50,"href":"https:\/\/lewinteridges.se\/index.php?rest_route=\/wp\/v2\/pages\/2\/revisions"}],"predecessor-version":[{"id":1078,"href":"https:\/\/lewinteridges.se\/index.php?rest_route=\/wp\/v2\/pages\/2\/revisions\/1078"}],"wp:attachment":[{"href":"https:\/\/lewinteridges.se\/index.php?rest_route=%2Fwp%2Fv2%2Fmedia&parent=2"}],"curies":[{"name":"wp","href":"https:\/\/api.w.org\/{rel}","templated":true}]}}